{"id":1505,"date":"2021-12-03T11:25:51","date_gmt":"2021-12-03T11:25:51","guid":{"rendered":"http:\/\/memorykorn.de\/home\/?post_type=product&#038;p=1505"},"modified":"2025-12-29T13:27:41","modified_gmt":"2025-12-29T13:27:41","slug":"memory-premium-t-shirt","status":"publish","type":"product","link":"https:\/\/memorykorn.de\/home\/produkt\/memory-premium-t-shirt\/","title":{"rendered":"Memory Premium T-Shirt"},"content":{"rendered":"<p><strong>Memory auf der Brust, im Herzen und nat\u00fcrlich in der Buddel.<\/strong><br \/>\nDieses hochwertige T-Shirt aus 100% Baumwolle.<br \/>\nSiebdruck auf der Vorderseite und dem K im Nacken machen das Shirt zum Hingucker.<\/p>\n<ul class=\"a-unordered-list a-vertical a-spacing-mini\">\n<li>Premium Siebdruck<\/li>\n<li><span class=\"a-list-item\"> Modernes Premium-T-Shirt aus 100% ringgesponnener Baumwolle. <\/span><\/li>\n<li><span class=\"a-list-item\"> Der Kragen besteht aus doppeltem Schalenstoff mit Seitenn\u00e4hten, verst\u00e4rktem Nackenband und einem abgeschnittenen Label im Nacken f\u00fcr einfaches Nachbeschriften <\/span><\/li>\n<li><span class=\"a-list-item\"> 100% Baumwolle (Grey Melange [95] 85% Baumwolle, 15% Viskose) <\/span><\/li>\n<li><span class=\"a-list-item\"> T-Shirt <\/span><\/li>\n<li><span class=\"a-list-item\"> Pflegehinweis: Maschinenw\u00e4sche\u00a0 30\u00b0C bitte auf Links<\/span><\/li>\n<\/ul>\n<div class=\"a-row a-expander-container a-expander-inline-container\" aria-live=\"polite\">\n<div class=\"a-expander-content a-expander-extend-content a-expander-content-expanded\" aria-expanded=\"true\">\n<ul class=\"a-unordered-list a-vertical a-spacing-none\">\n<li><span class=\"a-list-item\">Das Kleidungsst\u00fcck ist sanforisiert und mit Enzym behandelt.<\/span><\/li>\n<\/ul>\n<\/div>\n<\/div>\n","protected":false},"excerpt":{"rendered":"<p>Wei\u00df oder Schwarz<\/p>\n","protected":false},"featured_media":1538,"comment_status":"open","ping_status":"closed","template":"","meta":[],"product_brand":[],"product_cat":[15,22,23],"product_tag":[],"class_list":{"0":"post-1505","1":"product","2":"type-product","3":"status-publish","4":"has-post-thumbnail","6":"product_cat-unkategorisiert","7":"product_cat-men","8":"product_cat-t-shirts","10":"first","11":"instock","12":"taxable","13":"shipping-taxable","14":"purchasable","15":"product-type-variable"},"_links":{"self":[{"href":"https:\/\/memorykorn.de\/home\/wp-json\/wp\/v2\/product\/1505","targetHints":{"allow":["GET"]}}],"collection":[{"href":"https:\/\/memorykorn.de\/home\/wp-json\/wp\/v2\/product"}],"about":[{"href":"https:\/\/memorykorn.de\/home\/wp-json\/wp\/v2\/types\/product"}],"replies":[{"embeddable":true,"href":"https:\/\/memorykorn.de\/home\/wp-json\/wp\/v2\/comments?post=1505"}],"wp:featuredmedia":[{"embeddable":true,"href":"https:\/\/memorykorn.de\/home\/wp-json\/wp\/v2\/media\/1538"}],"wp:attachment":[{"href":"https:\/\/memorykorn.de\/home\/wp-json\/wp\/v2\/media?parent=1505"}],"wp:term":[{"taxonomy":"product_brand","embeddable":true,"href":"https:\/\/memorykorn.de\/home\/wp-json\/wp\/v2\/product_brand?post=1505"},{"taxonomy":"product_cat","embeddable":true,"href":"https:\/\/memorykorn.de\/home\/wp-json\/wp\/v2\/product_cat?post=1505"},{"taxonomy":"product_tag","embeddable":true,"href":"https:\/\/memorykorn.de\/home\/wp-json\/wp\/v2\/product_tag?post=1505"}],"curies":[{"name":"wp","href":"https:\/\/api.w.org\/{rel}","templated":true}]}}