{"id":359,"date":"2020-07-29T00:34:57","date_gmt":"2020-07-29T00:34:57","guid":{"rendered":"http:\/\/memorykorn.de\/?page_id=359"},"modified":"2025-11-04T09:31:12","modified_gmt":"2025-11-04T09:31:12","slug":"impressum","status":"publish","type":"page","link":"https:\/\/memorykorn.de\/home\/impressum\/","title":{"rendered":"Impressum"},"content":{"rendered":"\n<div class=\"zpColumnItem\">\n<div id=\"a1423\" class=\"articlearea zpwText\" data-article-id=\"1423\" data-zpleid=\"1423\">\n<h1 data-zpfieldname=\"headline\">Impressum<\/h1>\n<p>Inhaber von&nbsp;<a href=\"http:\/\/www.memorykorn.de\/\">www.memorykorn.de<\/a><\/p>\n<p>Friedrich Hoffmann<br>Abbesb\u00fctteler Stra\u00dfe 3<br>D-38527 Meine<br><br>Telefon 0 160 &#8211; 92 87 88 95<br>Mail info(\u00e4t)memorykorn.de<br>Internet&nbsp;<a href=\"https:\/\/www.memorykorn.de\/\">https:\/\/www.memorykorn.de<\/a><\/p>\n<p>Inhaltlich Verantwortlicher gem\u00e4\u00df \u00a7 55 Abs. 2 RStV: Friedrich Hoffmann<\/p>\n<p>Steuernummer \/ Finanzamt<br>DE32 193 96 62 \/ D-79312 >Emmendingen<\/p>\n<\/div>\n<\/div>\n<div class=\"zpColumnItem\">\n<div id=\"a1426\" class=\"articlearea zpwText\" data-article-id=\"1426\" data-zpleid=\"1426\">\n<h2 data-zpfieldname=\"headline\">Haftungshinweis<\/h2>\n<p>Hinweise zu Copyright \/ Disclaimer:<\/p>\n<p>Sollte sich auf einer Seite dieser Internetpr\u00e4senz eine ungekennzeichnete, durch fremdes Copyright gesch\u00fctzte oder nicht zur Ver\u00f6ffentlichung freigegebene Grafik , Logo oder ein ungekennzeichneter, durch fremdes Copyright gesch\u00fctzter oder nicht zur Ver\u00f6ffentlichung freigegebener Text befinden, wird der Betreiber diese(n) nach Benachrichtigung schnellstm\u00f6glich entfernen bzw. mit dem entsprechenden Copyright kenntlich machen.<br><br><\/p>\n<p>Der Nutzung im Rahmen der auf diesen Internetseiten ver\u00f6ffentlichten Kontaktdaten durch Dritte zur \u00dcbersendung von nicht ausdr\u00fccklich angeforderter Werbung und Informationsmaterialien wird hiermit ausdr\u00fccklich widersprochen.<br>Im Falle der unverlangten Zusendung von Werbeinformationen, etwa durch Spam- Mails, behalten wir uns rechtliche Schritte gegen diese Anbieter bzw. Betreiber vor.<\/p>\n<\/div>\n<\/div>\n<div class=\"zpColumnItem\">\n<div id=\"a1435\" class=\"articlearea zpwText\" data-article-id=\"1435\" data-zpleid=\"1435\">\n<h2 data-zpfieldname=\"headline\">SSL-Verschl\u00fcsselung<\/h2>\n<p>Um Ihre an uns \u00fcbermittelten Daten bestm\u00f6glich zu sch\u00fctzen, nutzt&nbsp;unsere Internetpr\u00e4senz&nbsp;die vorgeschriebene SSL-Zertifikatsverschl\u00fcsselung. Sie erkennen derart sicher verschl\u00fcsselte Verbindungen an dem Pr\u00e4fix \u201ehttps:\/\/\u201c im Seitenlink der Adresszeile Ihres Internetbrowsers. S\u00e4mtliche Daten, welche Sie an diese Website\/Shop \u00fcbermitteln \u2013 etwa bei Kontaktanfragen oder Logins \u2013 k\u00f6nnen dank SSL-Verschl\u00fcsselung nicht von Dritten gelesen werden.<\/p>\n<p><img loading=\"lazy\" decoding=\"async\" class=\"singleImage\" title=\"\" src=\"http:\/\/www.meinerkorn.de\/media\/images\/ssl.png\" alt=\"\" width=\"166\" height=\"166\"><\/p>\n<\/div>\n<\/div>\n<div class=\"zpColumnItem\">\n<div id=\"a1427\" class=\"articlearea zpwText\" data-article-id=\"1427\" data-zpleid=\"1427\">\n<h2 data-zpfieldname=\"headline\">Bildnachweise und Quellenangaben<\/h2>\n<p>Hinweise zum Copyright der verwendeten Bilder auf diesen Internetseiten:<\/p>\n<p>Die auf diesen Internetseiten verwendeten&nbsp;Bilder sind Eigentum von Friedrich Hoffmann &#8211; Memorykorn. Diese d\u00fcrfen ohne vorherige Genehmigung weder kopiert, vervielf\u00e4ltigt, verbreitet und anderweitig ver\u00f6ffentlicht werden.<\/p>\n<\/div>\n<\/div>\n\n\n\n<p><\/p>\n","protected":false},"excerpt":{"rendered":"<p>Impressum Inhaber von&nbsp;www.memorykorn.de Friedrich HoffmannAbbesb\u00fctteler Stra\u00dfe 3D-38527 Meine Telefon 0 160 &#8211; 92 87 88 95Mail info(\u00e4t)memorykorn.deInternet&nbsp;https:\/\/www.memorykorn.de Inhaltlich Verantwortlicher gem\u00e4\u00df \u00a7 55 Abs. 2 RStV: Friedrich Hoffmann Steuernummer \/ FinanzamtDE32 193 96 62 \/ D-79312 >Emmendingen Haftungshinweis Hinweise zu Copyright \/ Disclaimer: Sollte sich auf einer Seite dieser Internetpr\u00e4senz eine ungekennzeichnete, durch fremdes Copyright gesch\u00fctzte [&#8230;]\n","protected":false},"author":1,"featured_media":0,"parent":0,"menu_order":0,"comment_status":"closed","ping_status":"closed","template":"","meta":{"footnotes":""},"class_list":["post-359","page","type-page","status-publish","hentry"],"_links":{"self":[{"href":"https:\/\/memorykorn.de\/home\/wp-json\/wp\/v2\/pages\/359","targetHints":{"allow":["GET"]}}],"collection":[{"href":"https:\/\/memorykorn.de\/home\/wp-json\/wp\/v2\/pages"}],"about":[{"href":"https:\/\/memorykorn.de\/home\/wp-json\/wp\/v2\/types\/page"}],"author":[{"embeddable":true,"href":"https:\/\/memorykorn.de\/home\/wp-json\/wp\/v2\/users\/1"}],"replies":[{"embeddable":true,"href":"https:\/\/memorykorn.de\/home\/wp-json\/wp\/v2\/comments?post=359"}],"version-history":[{"count":2,"href":"https:\/\/memorykorn.de\/home\/wp-json\/wp\/v2\/pages\/359\/revisions"}],"predecessor-version":[{"id":1673,"href":"https:\/\/memorykorn.de\/home\/wp-json\/wp\/v2\/pages\/359\/revisions\/1673"}],"wp:attachment":[{"href":"https:\/\/memorykorn.de\/home\/wp-json\/wp\/v2\/media?parent=359"}],"curies":[{"name":"wp","href":"https:\/\/api.w.org\/{rel}","templated":true}]}}